{"id":7,"date":"2025-02-23T17:13:11","date_gmt":"2025-02-23T17:13:11","guid":{"rendered":"https:\/\/and.org.do\/?page_id=7"},"modified":"2025-11-20T20:42:09","modified_gmt":"2025-11-20T20:42:09","slug":"bajo-construccion","status":"publish","type":"page","link":"https:\/\/and.org.do\/","title":{"rendered":"Bajo Construcci\u00f3n"},"content":{"rendered":"<p>[et_pb_section fb_built=\"1&#8243; _builder_version=\"4.27.4&#8243; _module_preset=\"default\" custom_margin=\"0px||0px||false|false\" custom_padding=\"0px||0px||false|false\" global_colors_info=\"{}\"][et_pb_row column_structure=\"1_3,1_3,1_3&#8243; _builder_version=\"4.27.4&#8243; _module_preset=\"default\" global_colors_info=\"{}\"][et_pb_column type=\"1_3&#8243; _builder_version=\"4.27.4&#8243; _module_preset=\"default\" global_colors_info=\"{}\"][\/et_pb_column][et_pb_column type=\"1_3&#8243; _builder_version=\"4.27.4&#8243; _module_preset=\"default\" global_colors_info=\"{}\"][et_pb_image src=\"https:\/\/and.org.do\/wp-content\/uploads\/2025\/02\/cropped-ANDICON.png\" title_text=\"cropped-ANDICON.png\" _builder_version=\"4.27.4&#8243; _module_preset=\"default\" hover_enabled=\"0&#8243; global_colors_info=\"{}\" sticky_enabled=\"0&#8243;][\/et_pb_image][\/et_pb_column][et_pb_column type=\"1_3&#8243; _builder_version=\"4.27.4&#8243; _module_preset=\"default\" global_colors_info=\"{}\"][\/et_pb_column][\/et_pb_row][\/et_pb_section][et_pb_section fb_built=\"1&#8243; _builder_version=\"4.27.4&#8243; _module_preset=\"default\" custom_margin=\"0px||||false|false\" custom_padding=\"1px||||false|false\" global_colors_info=\"{}\"][et_pb_row _builder_version=\"4.27.4&#8243; _module_preset=\"default\" global_colors_info=\"{}\"][et_pb_column type=\"4_4&#8243; _builder_version=\"4.27.4&#8243; _module_preset=\"default\" global_colors_info=\"{}\"][et_pb_text _builder_version=\"4.27.4&#8243; _module_preset=\"default\" global_colors_info=\"{}\"]<\/p>\n<h2 style=\"text-align: center;\">Nuestra p\u00e1gina est\u00e1 bajo construcci\u00f3n.<\/h2>\n<h2 style=\"text-align: center;\">Regrese pronto para ver nuestro nuevo hogar en la web.<\/h2>\n<p>[\/et_pb_text][et_pb_button button_url=\"https:\/\/intranet.and.org.do\" button_text=\"Acceso a Intranet\" button_alignment=\"center\" _builder_version=\"4.27.4&#8243; _module_preset=\"default\" custom_button=\"on\" button_text_size=\"25px\" button_text_color=\"#FFFFFF\" button_bg_color=\"#272c7d\" button_border_color=\"#0C71C3&#8243; global_colors_info=\"{}\"][\/et_pb_button][et_pb_button button_url=\"https:\/\/and.org.do\/?page_id=39&#8243; button_text=\"Solicitud de Ingreso\" button_alignment=\"center\" _builder_version=\"4.27.4&#8243; _module_preset=\"default\" custom_button=\"on\" button_text_size=\"22px\" button_text_color=\"#ffffff\" button_bg_color=\"#272c7d\" global_colors_info=\"{}\"][\/et_pb_button][\/et_pb_column][\/et_pb_row][\/et_pb_section]<\/p>\n","protected":false},"excerpt":{"rendered":"<p>Nuestra p\u00e1gina est\u00e1 bajo construcci\u00f3n. Regrese pronto para ver nuestro nuevo hogar en la web.<\/p>\n","protected":false},"author":1,"featured_media":0,"parent":0,"menu_order":0,"comment_status":"closed","ping_status":"closed","template":"","meta":{"_et_pb_use_builder":"on","_et_pb_old_content":"","_et_gb_content_width":"","footnotes":""},"class_list":["post-7","page","type-page","status-publish","hentry"],"_links":{"self":[{"href":"https:\/\/and.org.do\/index.php?rest_route=\/wp\/v2\/pages\/7","targetHints":{"allow":["GET"]}}],"collection":[{"href":"https:\/\/and.org.do\/index.php?rest_route=\/wp\/v2\/pages"}],"about":[{"href":"https:\/\/and.org.do\/index.php?rest_route=\/wp\/v2\/types\/page"}],"author":[{"embeddable":true,"href":"https:\/\/and.org.do\/index.php?rest_route=\/wp\/v2\/users\/1"}],"replies":[{"embeddable":true,"href":"https:\/\/and.org.do\/index.php?rest_route=%2Fwp%2Fv2%2Fcomments&post=7"}],"version-history":[{"count":10,"href":"https:\/\/and.org.do\/index.php?rest_route=\/wp\/v2\/pages\/7\/revisions"}],"predecessor-version":[{"id":58,"href":"https:\/\/and.org.do\/index.php?rest_route=\/wp\/v2\/pages\/7\/revisions\/58"}],"wp:attachment":[{"href":"https:\/\/and.org.do\/index.php?rest_route=%2Fwp%2Fv2%2Fmedia&parent=7"}],"curies":[{"name":"wp","href":"https:\/\/api.w.org\/{rel}","templated":true}]}}